{"id":3876,"date":"2022-01-20T15:58:49","date_gmt":"2022-01-20T14:58:49","guid":{"rendered":"https:\/\/solidarites.ch\/geneve\/?post_type=cpt_campagne&#038;p=3876"},"modified":"2022-04-14T16:27:09","modified_gmt":"2022-04-14T14:27:09","slug":"3876","status":"publish","type":"cpt_campagne","link":"https:\/\/solidarites.ch\/geneve\/campagne\/3876\/","title":{"rendered":""},"content":{"rendered":"\n<figure class=\"wp-block-image size-large\"><img loading=\"lazy\" decoding=\"async\" width=\"1024\" height=\"536\" src=\"https:\/\/solidarites.ch\/geneve\/wp-content\/uploads\/sites\/6\/2022\/01\/nl-cover-1024x536.png\" alt=\"\" class=\"wp-image-3877\" srcset=\"https:\/\/solidarites.ch\/geneve\/wp-content\/uploads\/sites\/6\/2022\/01\/nl-cover-1024x536.png 1024w, https:\/\/solidarites.ch\/geneve\/wp-content\/uploads\/sites\/6\/2022\/01\/nl-cover-300x157.png 300w, https:\/\/solidarites.ch\/geneve\/wp-content\/uploads\/sites\/6\/2022\/01\/nl-cover-768x402.png 768w, https:\/\/solidarites.ch\/geneve\/wp-content\/uploads\/sites\/6\/2022\/01\/nl-cover-1536x804.png 1536w, https:\/\/solidarites.ch\/geneve\/wp-content\/uploads\/sites\/6\/2022\/01\/nl-cover-2048x1072.png 2048w\" sizes=\"auto, (max-width: 1024px) 100vw, 1024px\" \/>\n<div class='wp-description'><\/div><\/figure>","protected":false},"featured_media":3877,"template":"","tx_journal_display":[],"class_list":["post-3876","cpt_campagne","type-cpt_campagne","status-publish","has-post-thumbnail","hentry"],"acf":[],"yoast_head":"<!-- This site is optimized with the Yoast SEO plugin v27.5 - https:\/\/yoast.com\/product\/yoast-seo-wordpress\/ -->\n<title>- solidarit\u00e9S Gen\u00e8ve<\/title>\n<meta name=\"robots\" content=\"index, follow, max-snippet:-1, max-image-preview:large, max-video-preview:-1\" \/>\n<link rel=\"canonical\" href=\"https:\/\/solidarites.ch\/geneve\/campagne\/3876\/\" \/>\n<meta property=\"og:locale\" content=\"fr_FR\" \/>\n<meta property=\"og:type\" content=\"article\" \/>\n<meta property=\"og:title\" content=\"- solidarit\u00e9S Gen\u00e8ve\" \/>\n<meta property=\"og:url\" content=\"https:\/\/solidarites.ch\/geneve\/campagne\/3876\/\" \/>\n<meta property=\"og:site_name\" content=\"solidarit\u00e9S Gen\u00e8ve\" \/>\n<meta property=\"article:modified_time\" content=\"2022-04-14T14:27:09+00:00\" \/>\n<meta property=\"og:image\" content=\"https:\/\/solidarites.ch\/geneve\/wp-content\/uploads\/sites\/6\/2022\/01\/nl-cover.png\" \/>\n\t<meta property=\"og:image:width\" content=\"4000\" \/>\n\t<meta property=\"og:image:height\" content=\"2094\" \/>\n\t<meta property=\"og:image:type\" content=\"image\/png\" \/>\n<meta name=\"twitter:card\" content=\"summary_large_image\" \/>\n<meta name=\"twitter:label1\" content=\"Dur\u00e9e de lecture estim\u00e9e\" \/>\n\t<meta name=\"twitter:data1\" content=\"1 minute\" \/>\n<script type=\"application\/ld+json\" class=\"yoast-schema-graph\">{\"@context\":\"https:\\\/\\\/schema.org\",\"@graph\":[{\"@type\":\"WebPage\",\"@id\":\"https:\\\/\\\/solidarites.ch\\\/geneve\\\/campagne\\\/3876\\\/\",\"url\":\"https:\\\/\\\/solidarites.ch\\\/geneve\\\/campagne\\\/3876\\\/\",\"name\":\"- solidarit\u00e9S Gen\u00e8ve\",\"isPartOf\":{\"@id\":\"https:\\\/\\\/solidarites.ch\\\/geneve\\\/#website\"},\"primaryImageOfPage\":{\"@id\":\"https:\\\/\\\/solidarites.ch\\\/geneve\\\/campagne\\\/3876\\\/#primaryimage\"},\"image\":{\"@id\":\"https:\\\/\\\/solidarites.ch\\\/geneve\\\/campagne\\\/3876\\\/#primaryimage\"},\"thumbnailUrl\":\"https:\\\/\\\/solidarites.ch\\\/geneve\\\/wp-content\\\/uploads\\\/sites\\\/6\\\/2022\\\/01\\\/nl-cover.png\",\"datePublished\":\"2022-01-20T14:58:49+00:00\",\"dateModified\":\"2022-04-14T14:27:09+00:00\",\"breadcrumb\":{\"@id\":\"https:\\\/\\\/solidarites.ch\\\/geneve\\\/campagne\\\/3876\\\/#breadcrumb\"},\"inLanguage\":\"fr-FR\",\"potentialAction\":[{\"@type\":\"ReadAction\",\"target\":[\"https:\\\/\\\/solidarites.ch\\\/geneve\\\/campagne\\\/3876\\\/\"]}]},{\"@type\":\"ImageObject\",\"inLanguage\":\"fr-FR\",\"@id\":\"https:\\\/\\\/solidarites.ch\\\/geneve\\\/campagne\\\/3876\\\/#primaryimage\",\"url\":\"https:\\\/\\\/solidarites.ch\\\/geneve\\\/wp-content\\\/uploads\\\/sites\\\/6\\\/2022\\\/01\\\/nl-cover.png\",\"contentUrl\":\"https:\\\/\\\/solidarites.ch\\\/geneve\\\/wp-content\\\/uploads\\\/sites\\\/6\\\/2022\\\/01\\\/nl-cover.png\",\"width\":4000,\"height\":2094},{\"@type\":\"BreadcrumbList\",\"@id\":\"https:\\\/\\\/solidarites.ch\\\/geneve\\\/campagne\\\/3876\\\/#breadcrumb\",\"itemListElement\":[{\"@type\":\"ListItem\",\"position\":1,\"name\":\"Accueil\",\"item\":\"https:\\\/\\\/solidarites.ch\\\/geneve\\\/\"},{\"@type\":\"ListItem\",\"position\":2,\"name\":\"Campagnes\",\"item\":\"https:\\\/\\\/solidarites.ch\\\/geneve\\\/campagnes\\\/\"}]},{\"@type\":\"WebSite\",\"@id\":\"https:\\\/\\\/solidarites.ch\\\/geneve\\\/#website\",\"url\":\"https:\\\/\\\/solidarites.ch\\\/geneve\\\/\",\"name\":\"solidarit\u00e9S Gen\u00e8ve\",\"description\":\"Un mouvement &lt;br&gt;anticapitaliste, &lt;br&gt;f\u00e9ministe, &lt;br&gt;\u00e9cosocialiste\",\"potentialAction\":[{\"@type\":\"SearchAction\",\"target\":{\"@type\":\"EntryPoint\",\"urlTemplate\":\"https:\\\/\\\/solidarites.ch\\\/geneve\\\/?s={search_term_string}\"},\"query-input\":{\"@type\":\"PropertyValueSpecification\",\"valueRequired\":true,\"valueName\":\"search_term_string\"}}],\"inLanguage\":\"fr-FR\"}]}<\/script>\n<!-- \/ Yoast SEO plugin. -->","yoast_head_json":{"title":"- solidarit\u00e9S Gen\u00e8ve","robots":{"index":"index","follow":"follow","max-snippet":"max-snippet:-1","max-image-preview":"max-image-preview:large","max-video-preview":"max-video-preview:-1"},"canonical":"https:\/\/solidarites.ch\/geneve\/campagne\/3876\/","og_locale":"fr_FR","og_type":"article","og_title":"- solidarit\u00e9S Gen\u00e8ve","og_url":"https:\/\/solidarites.ch\/geneve\/campagne\/3876\/","og_site_name":"solidarit\u00e9S Gen\u00e8ve","article_modified_time":"2022-04-14T14:27:09+00:00","og_image":[{"width":4000,"height":2094,"url":"https:\/\/solidarites.ch\/geneve\/wp-content\/uploads\/sites\/6\/2022\/01\/nl-cover.png","type":"image\/png"}],"twitter_card":"summary_large_image","twitter_misc":{"Dur\u00e9e de lecture estim\u00e9e":"1 minute"},"schema":{"@context":"https:\/\/schema.org","@graph":[{"@type":"WebPage","@id":"https:\/\/solidarites.ch\/geneve\/campagne\/3876\/","url":"https:\/\/solidarites.ch\/geneve\/campagne\/3876\/","name":"- solidarit\u00e9S Gen\u00e8ve","isPartOf":{"@id":"https:\/\/solidarites.ch\/geneve\/#website"},"primaryImageOfPage":{"@id":"https:\/\/solidarites.ch\/geneve\/campagne\/3876\/#primaryimage"},"image":{"@id":"https:\/\/solidarites.ch\/geneve\/campagne\/3876\/#primaryimage"},"thumbnailUrl":"https:\/\/solidarites.ch\/geneve\/wp-content\/uploads\/sites\/6\/2022\/01\/nl-cover.png","datePublished":"2022-01-20T14:58:49+00:00","dateModified":"2022-04-14T14:27:09+00:00","breadcrumb":{"@id":"https:\/\/solidarites.ch\/geneve\/campagne\/3876\/#breadcrumb"},"inLanguage":"fr-FR","potentialAction":[{"@type":"ReadAction","target":["https:\/\/solidarites.ch\/geneve\/campagne\/3876\/"]}]},{"@type":"ImageObject","inLanguage":"fr-FR","@id":"https:\/\/solidarites.ch\/geneve\/campagne\/3876\/#primaryimage","url":"https:\/\/solidarites.ch\/geneve\/wp-content\/uploads\/sites\/6\/2022\/01\/nl-cover.png","contentUrl":"https:\/\/solidarites.ch\/geneve\/wp-content\/uploads\/sites\/6\/2022\/01\/nl-cover.png","width":4000,"height":2094},{"@type":"BreadcrumbList","@id":"https:\/\/solidarites.ch\/geneve\/campagne\/3876\/#breadcrumb","itemListElement":[{"@type":"ListItem","position":1,"name":"Accueil","item":"https:\/\/solidarites.ch\/geneve\/"},{"@type":"ListItem","position":2,"name":"Campagnes","item":"https:\/\/solidarites.ch\/geneve\/campagnes\/"}]},{"@type":"WebSite","@id":"https:\/\/solidarites.ch\/geneve\/#website","url":"https:\/\/solidarites.ch\/geneve\/","name":"solidarit\u00e9S Gen\u00e8ve","description":"Un mouvement &lt;br&gt;anticapitaliste, &lt;br&gt;f\u00e9ministe, &lt;br&gt;\u00e9cosocialiste","potentialAction":[{"@type":"SearchAction","target":{"@type":"EntryPoint","urlTemplate":"https:\/\/solidarites.ch\/geneve\/?s={search_term_string}"},"query-input":{"@type":"PropertyValueSpecification","valueRequired":true,"valueName":"search_term_string"}}],"inLanguage":"fr-FR"}]}},"distributor_meta":false,"distributor_terms":false,"distributor_media":false,"distributor_original_site_name":"solidarit\u00e9S Gen\u00e8ve","distributor_original_site_url":"https:\/\/solidarites.ch\/geneve","push-errors":false,"_links":{"self":[{"href":"https:\/\/solidarites.ch\/geneve\/wp-json\/wp\/v2\/cpt_campagne\/3876","targetHints":{"allow":["GET"]}}],"collection":[{"href":"https:\/\/solidarites.ch\/geneve\/wp-json\/wp\/v2\/cpt_campagne"}],"about":[{"href":"https:\/\/solidarites.ch\/geneve\/wp-json\/wp\/v2\/types\/cpt_campagne"}],"wp:featuredmedia":[{"embeddable":true,"href":"https:\/\/solidarites.ch\/geneve\/wp-json\/wp\/v2\/media\/3877"}],"wp:attachment":[{"href":"https:\/\/solidarites.ch\/geneve\/wp-json\/wp\/v2\/media?parent=3876"}],"wp:term":[{"taxonomy":"tx_journal_display","embeddable":true,"href":"https:\/\/solidarites.ch\/geneve\/wp-json\/wp\/v2\/tx_journal_display?post=3876"}],"curies":[{"name":"wp","href":"https:\/\/api.w.org\/{rel}","templated":true}]}}

<!-- This site is optimized with the Yoast SEO plugin v27.5 - https://yoast.com/product/yoast-seo-wordpress/ -->
<title>- solidaritéS Genève</title>
<meta name="robots" content="index, follow, max-snippet:-1, max-image-preview:large, max-video-preview:-1" />
<link rel="canonical" href="https://solidarites.ch/geneve/campagne/3876/" />
<meta property="og:locale" content="fr_FR" />
<meta property="og:type" content="article" />
<meta property="og:title" content="- solidaritéS Genève" />
<meta property="og:url" content="https://solidarites.ch/geneve/campagne/3876/" />
<meta property="og:site_name" content="solidaritéS Genève" />
<meta property="article:modified_time" content="2022-04-14T14:27:09+00:00" />
<meta property="og:image" content="https://solidarites.ch/geneve/wp-content/uploads/sites/6/2022/01/nl-cover.png" />
	<meta property="og:image:width" content="4000" />
	<meta property="og:image:height" content="2094" />
	<meta property="og:image:type" content="image/png" />
<meta name="twitter:card" content="summary_large_image" />
<meta name="twitter:label1" content="Durée de lecture estimée" />
	<meta name="twitter:data1" content="1 minute" />
<script type="application/ld+json" class="yoast-schema-graph">{"@context":"https:\/\/schema.org","@graph":[{"@type":"WebPage","@id":"https:\/\/solidarites.ch\/geneve\/campagne\/3876\/","url":"https:\/\/solidarites.ch\/geneve\/campagne\/3876\/","name":"- solidaritéS Genève","isPartOf":{"@id":"https:\/\/solidarites.ch\/geneve\/#website"},"primaryImageOfPage":{"@id":"https:\/\/solidarites.ch\/geneve\/campagne\/3876\/#primaryimage"},"image":{"@id":"https:\/\/solidarites.ch\/geneve\/campagne\/3876\/#primaryimage"},"thumbnailUrl":"https:\/\/solidarites.ch\/geneve\/wp-content\/uploads\/sites\/6\/2022\/01\/nl-cover.png","datePublished":"2022-01-20T14:58:49+00:00","dateModified":"2022-04-14T14:27:09+00:00","breadcrumb":{"@id":"https:\/\/solidarites.ch\/geneve\/campagne\/3876\/#breadcrumb"},"inLanguage":"fr-FR","potentialAction":[{"@type":"ReadAction","target":["https:\/\/solidarites.ch\/geneve\/campagne\/3876\/"]}]},{"@type":"ImageObject","inLanguage":"fr-FR","@id":"https:\/\/solidarites.ch\/geneve\/campagne\/3876\/#primaryimage","url":"https:\/\/solidarites.ch\/geneve\/wp-content\/uploads\/sites\/6\/2022\/01\/nl-cover.png","contentUrl":"https:\/\/solidarites.ch\/geneve\/wp-content\/uploads\/sites\/6\/2022\/01\/nl-cover.png","width":4000,"height":2094},{"@type":"BreadcrumbList","@id":"https:\/\/solidarites.ch\/geneve\/campagne\/3876\/#breadcrumb","itemListElement":[{"@type":"ListItem","position":1,"name":"Accueil","item":"https:\/\/solidarites.ch\/geneve\/"},{"@type":"ListItem","position":2,"name":"Campagnes","item":"https:\/\/solidarites.ch\/geneve\/campagnes\/"}]},{"@type":"WebSite","@id":"https:\/\/solidarites.ch\/geneve\/#website","url":"https:\/\/solidarites.ch\/geneve\/","name":"solidaritéS Genève","description":"Un mouvement &lt;br&gt;anticapitaliste, &lt;br&gt;féministe, &lt;br&gt;écosocialiste","potentialAction":[{"@type":"SearchAction","target":{"@type":"EntryPoint","urlTemplate":"https:\/\/solidarites.ch\/geneve\/?s={search_term_string}"},"query-input":{"@type":"PropertyValueSpecification","valueRequired":true,"valueName":"search_term_string"}}],"inLanguage":"fr-FR"}]}</script>
<!-- / Yoast SEO plugin. -->

- solidaritéS Genève

solidaritéS Genève

Un mouvement &lt;br&gt;anticapitaliste, &lt;br&gt;féministe, &lt;br&gt;écosocialiste
