{"id":3835,"date":"2021-11-05T13:09:48","date_gmt":"2021-11-05T12:09:48","guid":{"rendered":"https:\/\/solidarites.ch\/geneve\/?post_type=cpt_video&#038;p=3835"},"modified":"2021-11-05T13:09:50","modified_gmt":"2021-11-05T12:09:50","slug":"meeting-avec-philippe-poutou","status":"publish","type":"cpt_video","link":"https:\/\/solidarites.ch\/geneve\/video\/meeting-avec-philippe-poutou\/","title":{"rendered":"Meeting avec Philippe Poutou"},"content":{"rendered":"\n<p>\u27a1\ufe0f Dans la perspective de la campagne pour les \u00e9lections pr\u00e9sidentielles qui se d\u00e9rouleront en France l\u2019ann\u00e9e prochaine, nous vous invitons \u00e0 participer \u00e0 ce meeting avec Philippe Poutou, candidat NPA \u00e0 la pr\u00e9sidence, ancien ouvrier Ford actuellement au ch\u00f4mage!<\/p>\n\n\n\n<p>\u270a\ud83c\udffbCe meeting s\u2019inscrit pour solidarit\u00e9S dans une perspective internationaliste de luttes contre le capitalisme et ses cons\u00e9quences n\u00e9fastes pour la majorit\u00e9 de la population mondiale. Du climat \u00e0 l\u2019accueil des r\u00e9fugi\u00e9.e.s, en passant par l\u2019arr\u00eat du nucl\u00e9aire ou de l\u2019\u00e9vasion fiscale ou encore, de la lev\u00e9e de la propri\u00e9t\u00e9 priv\u00e9e sur les vaccins \u00e0 la fin du patriarcat, aucune de nos luttes n\u2019est suffisante si elle se restreint aux fronti\u00e8res nationales.<\/p>\n\n\n\n<p>\ud83d\udca5Et parce que les luttes se font \u00e9cho et se nourrissent les unes les autres, Philippe Poutou sera pr\u00e9c\u00e9d\u00e9 par des militant\u00b7e\u00b7.s de solidarit\u00e9S mais aussi d\u2019autres mouvements dont les luttes syndicales, f\u00e9ministes, climatiques, locatives sont en cours \u00e0 Gen\u00e8ve et en Suisse.<\/p>\n\n\n\n<figure class=\"wp-block-embed is-type-video is-provider-youtube wp-block-embed-youtube wp-embed-aspect-16-9 wp-has-aspect-ratio\"><div class=\"wp-block-embed__wrapper\">\n<iframe loading=\"lazy\" title=\"MEETING avec Philippe Poutou [EN DIRECT]\" width=\"500\" height=\"281\" src=\"https:\/\/www.youtube.com\/embed\/5i_P5p6DfgU?feature=oembed\" frameborder=\"0\" allow=\"accelerometer; autoplay; clipboard-write; encrypted-media; gyroscope; picture-in-picture; web-share\" referrerpolicy=\"strict-origin-when-cross-origin\" allowfullscreen><\/iframe>\n<\/div><\/figure>\n","protected":false},"featured_media":3836,"template":"","tx_journal_display":[56],"class_list":["post-3835","cpt_video","type-cpt_video","status-publish","has-post-thumbnail","hentry"],"acf":[],"yoast_head":"<!-- This site is optimized with the Yoast SEO plugin v27.4 - https:\/\/yoast.com\/product\/yoast-seo-wordpress\/ -->\n<title>Meeting avec Philippe Poutou - solidarit\u00e9S Gen\u00e8ve<\/title>\n<meta name=\"robots\" content=\"index, follow, max-snippet:-1, max-image-preview:large, max-video-preview:-1\" \/>\n<link rel=\"canonical\" href=\"https:\/\/solidarites.ch\/geneve\/video\/meeting-avec-philippe-poutou\/\" \/>\n<meta property=\"og:locale\" content=\"fr_FR\" \/>\n<meta property=\"og:type\" content=\"article\" \/>\n<meta property=\"og:title\" content=\"Meeting avec Philippe Poutou - solidarit\u00e9S Gen\u00e8ve\" \/>\n<meta property=\"og:description\" content=\"\u27a1\ufe0f Dans la perspective de la campagne pour les \u00e9lections pr\u00e9sidentielles qui se d\u00e9rouleront en France l\u2019ann\u00e9e prochaine, nous vous invitons \u00e0 participer \u00e0 ce meeting avec Philippe Poutou, candidat NPA \u00e0 la pr\u00e9sidence, ancien ouvrier Ford actuellement au ch\u00f4mage! \u270a\ud83c\udffbCe meeting s\u2019inscrit pour solidarit\u00e9S dans une perspective internationaliste de luttes contre le capitalisme et &hellip; Continued\" \/>\n<meta property=\"og:url\" content=\"https:\/\/solidarites.ch\/geneve\/video\/meeting-avec-philippe-poutou\/\" \/>\n<meta property=\"og:site_name\" content=\"solidarit\u00e9S Gen\u00e8ve\" \/>\n<meta property=\"article:modified_time\" content=\"2021-11-05T12:09:50+00:00\" \/>\n<meta name=\"twitter:card\" content=\"summary_large_image\" \/>\n<meta name=\"twitter:label1\" content=\"Dur\u00e9e de lecture estim\u00e9e\" \/>\n\t<meta name=\"twitter:data1\" content=\"1 minute\" \/>\n<script type=\"application\/ld+json\" class=\"yoast-schema-graph\">{\"@context\":\"https:\\\/\\\/schema.org\",\"@graph\":[{\"@type\":\"WebPage\",\"@id\":\"https:\\\/\\\/solidarites.ch\\\/geneve\\\/video\\\/meeting-avec-philippe-poutou\\\/\",\"url\":\"https:\\\/\\\/solidarites.ch\\\/geneve\\\/video\\\/meeting-avec-philippe-poutou\\\/\",\"name\":\"Meeting avec Philippe Poutou - solidarit\u00e9S Gen\u00e8ve\",\"isPartOf\":{\"@id\":\"https:\\\/\\\/solidarites.ch\\\/geneve\\\/#website\"},\"primaryImageOfPage\":{\"@id\":\"https:\\\/\\\/solidarites.ch\\\/geneve\\\/video\\\/meeting-avec-philippe-poutou\\\/#primaryimage\"},\"image\":{\"@id\":\"https:\\\/\\\/solidarites.ch\\\/geneve\\\/video\\\/meeting-avec-philippe-poutou\\\/#primaryimage\"},\"thumbnailUrl\":\"https:\\\/\\\/solidarites.ch\\\/geneve\\\/wp-content\\\/uploads\\\/sites\\\/6\\\/2021\\\/11\\\/Affiche-Meeting-Poutou-4NOV-VF-pdf.jpg\",\"datePublished\":\"2021-11-05T12:09:48+00:00\",\"dateModified\":\"2021-11-05T12:09:50+00:00\",\"breadcrumb\":{\"@id\":\"https:\\\/\\\/solidarites.ch\\\/geneve\\\/video\\\/meeting-avec-philippe-poutou\\\/#breadcrumb\"},\"inLanguage\":\"fr-FR\",\"potentialAction\":[{\"@type\":\"ReadAction\",\"target\":[\"https:\\\/\\\/solidarites.ch\\\/geneve\\\/video\\\/meeting-avec-philippe-poutou\\\/\"]}]},{\"@type\":\"ImageObject\",\"inLanguage\":\"fr-FR\",\"@id\":\"https:\\\/\\\/solidarites.ch\\\/geneve\\\/video\\\/meeting-avec-philippe-poutou\\\/#primaryimage\",\"url\":\"https:\\\/\\\/solidarites.ch\\\/geneve\\\/wp-content\\\/uploads\\\/sites\\\/6\\\/2021\\\/11\\\/Affiche-Meeting-Poutou-4NOV-VF-pdf.jpg\",\"contentUrl\":\"https:\\\/\\\/solidarites.ch\\\/geneve\\\/wp-content\\\/uploads\\\/sites\\\/6\\\/2021\\\/11\\\/Affiche-Meeting-Poutou-4NOV-VF-pdf.jpg\"},{\"@type\":\"BreadcrumbList\",\"@id\":\"https:\\\/\\\/solidarites.ch\\\/geneve\\\/video\\\/meeting-avec-philippe-poutou\\\/#breadcrumb\",\"itemListElement\":[{\"@type\":\"ListItem\",\"position\":1,\"name\":\"Accueil\",\"item\":\"https:\\\/\\\/solidarites.ch\\\/geneve\\\/\"},{\"@type\":\"ListItem\",\"position\":2,\"name\":\"Videos\",\"item\":\"https:\\\/\\\/solidarites.ch\\\/geneve\\\/videos\\\/\"},{\"@type\":\"ListItem\",\"position\":3,\"name\":\"Meeting avec Philippe Poutou\"}]},{\"@type\":\"WebSite\",\"@id\":\"https:\\\/\\\/solidarites.ch\\\/geneve\\\/#website\",\"url\":\"https:\\\/\\\/solidarites.ch\\\/geneve\\\/\",\"name\":\"solidarit\u00e9S Gen\u00e8ve\",\"description\":\"Un mouvement &lt;br&gt;anticapitaliste, &lt;br&gt;f\u00e9ministe, &lt;br&gt;\u00e9cosocialiste\",\"potentialAction\":[{\"@type\":\"SearchAction\",\"target\":{\"@type\":\"EntryPoint\",\"urlTemplate\":\"https:\\\/\\\/solidarites.ch\\\/geneve\\\/?s={search_term_string}\"},\"query-input\":{\"@type\":\"PropertyValueSpecification\",\"valueRequired\":true,\"valueName\":\"search_term_string\"}}],\"inLanguage\":\"fr-FR\"}]}<\/script>\n<!-- \/ Yoast SEO plugin. -->","yoast_head_json":{"title":"Meeting avec Philippe Poutou - solidarit\u00e9S Gen\u00e8ve","robots":{"index":"index","follow":"follow","max-snippet":"max-snippet:-1","max-image-preview":"max-image-preview:large","max-video-preview":"max-video-preview:-1"},"canonical":"https:\/\/solidarites.ch\/geneve\/video\/meeting-avec-philippe-poutou\/","og_locale":"fr_FR","og_type":"article","og_title":"Meeting avec Philippe Poutou - solidarit\u00e9S Gen\u00e8ve","og_description":"\u27a1\ufe0f Dans la perspective de la campagne pour les \u00e9lections pr\u00e9sidentielles qui se d\u00e9rouleront en France l\u2019ann\u00e9e prochaine, nous vous invitons \u00e0 participer \u00e0 ce meeting avec Philippe Poutou, candidat NPA \u00e0 la pr\u00e9sidence, ancien ouvrier Ford actuellement au ch\u00f4mage! \u270a\ud83c\udffbCe meeting s\u2019inscrit pour solidarit\u00e9S dans une perspective internationaliste de luttes contre le capitalisme et &hellip; Continued","og_url":"https:\/\/solidarites.ch\/geneve\/video\/meeting-avec-philippe-poutou\/","og_site_name":"solidarit\u00e9S Gen\u00e8ve","article_modified_time":"2021-11-05T12:09:50+00:00","twitter_card":"summary_large_image","twitter_misc":{"Dur\u00e9e de lecture estim\u00e9e":"1 minute"},"schema":{"@context":"https:\/\/schema.org","@graph":[{"@type":"WebPage","@id":"https:\/\/solidarites.ch\/geneve\/video\/meeting-avec-philippe-poutou\/","url":"https:\/\/solidarites.ch\/geneve\/video\/meeting-avec-philippe-poutou\/","name":"Meeting avec Philippe Poutou - solidarit\u00e9S Gen\u00e8ve","isPartOf":{"@id":"https:\/\/solidarites.ch\/geneve\/#website"},"primaryImageOfPage":{"@id":"https:\/\/solidarites.ch\/geneve\/video\/meeting-avec-philippe-poutou\/#primaryimage"},"image":{"@id":"https:\/\/solidarites.ch\/geneve\/video\/meeting-avec-philippe-poutou\/#primaryimage"},"thumbnailUrl":"https:\/\/solidarites.ch\/geneve\/wp-content\/uploads\/sites\/6\/2021\/11\/Affiche-Meeting-Poutou-4NOV-VF-pdf.jpg","datePublished":"2021-11-05T12:09:48+00:00","dateModified":"2021-11-05T12:09:50+00:00","breadcrumb":{"@id":"https:\/\/solidarites.ch\/geneve\/video\/meeting-avec-philippe-poutou\/#breadcrumb"},"inLanguage":"fr-FR","potentialAction":[{"@type":"ReadAction","target":["https:\/\/solidarites.ch\/geneve\/video\/meeting-avec-philippe-poutou\/"]}]},{"@type":"ImageObject","inLanguage":"fr-FR","@id":"https:\/\/solidarites.ch\/geneve\/video\/meeting-avec-philippe-poutou\/#primaryimage","url":"https:\/\/solidarites.ch\/geneve\/wp-content\/uploads\/sites\/6\/2021\/11\/Affiche-Meeting-Poutou-4NOV-VF-pdf.jpg","contentUrl":"https:\/\/solidarites.ch\/geneve\/wp-content\/uploads\/sites\/6\/2021\/11\/Affiche-Meeting-Poutou-4NOV-VF-pdf.jpg"},{"@type":"BreadcrumbList","@id":"https:\/\/solidarites.ch\/geneve\/video\/meeting-avec-philippe-poutou\/#breadcrumb","itemListElement":[{"@type":"ListItem","position":1,"name":"Accueil","item":"https:\/\/solidarites.ch\/geneve\/"},{"@type":"ListItem","position":2,"name":"Videos","item":"https:\/\/solidarites.ch\/geneve\/videos\/"},{"@type":"ListItem","position":3,"name":"Meeting avec Philippe Poutou"}]},{"@type":"WebSite","@id":"https:\/\/solidarites.ch\/geneve\/#website","url":"https:\/\/solidarites.ch\/geneve\/","name":"solidarit\u00e9S Gen\u00e8ve","description":"Un mouvement &lt;br&gt;anticapitaliste, &lt;br&gt;f\u00e9ministe, &lt;br&gt;\u00e9cosocialiste","potentialAction":[{"@type":"SearchAction","target":{"@type":"EntryPoint","urlTemplate":"https:\/\/solidarites.ch\/geneve\/?s={search_term_string}"},"query-input":{"@type":"PropertyValueSpecification","valueRequired":true,"valueName":"search_term_string"}}],"inLanguage":"fr-FR"}]}},"distributor_meta":false,"distributor_terms":false,"distributor_media":false,"distributor_original_site_name":"solidarit\u00e9S Gen\u00e8ve","distributor_original_site_url":"https:\/\/solidarites.ch\/geneve","push-errors":false,"_links":{"self":[{"href":"https:\/\/solidarites.ch\/geneve\/wp-json\/wp\/v2\/cpt_video\/3835","targetHints":{"allow":["GET"]}}],"collection":[{"href":"https:\/\/solidarites.ch\/geneve\/wp-json\/wp\/v2\/cpt_video"}],"about":[{"href":"https:\/\/solidarites.ch\/geneve\/wp-json\/wp\/v2\/types\/cpt_video"}],"wp:featuredmedia":[{"embeddable":true,"href":"https:\/\/solidarites.ch\/geneve\/wp-json\/wp\/v2\/media\/3836"}],"wp:attachment":[{"href":"https:\/\/solidarites.ch\/geneve\/wp-json\/wp\/v2\/media?parent=3835"}],"wp:term":[{"taxonomy":"tx_journal_display","embeddable":true,"href":"https:\/\/solidarites.ch\/geneve\/wp-json\/wp\/v2\/tx_journal_display?post=3835"}],"curies":[{"name":"wp","href":"https:\/\/api.w.org\/{rel}","templated":true}]}}

<p>➡️ Dans la perspective de la campagne pour les élections présidentielles qui se dérouleront en France l’année prochaine, nous vous invitons à participer à ce meeting avec Philippe Poutou, candidat NPA à la présidence, ancien ouvrier Ford actuellement au chômage!</p>



<p>✊🏻Ce meeting s’inscrit pour solidaritéS dans une perspective internationaliste de luttes contre le capitalisme et ses conséquences néfastes pour la majorité de la population mondiale. Du climat à l’accueil des réfugié.e.s, en passant par l’arrêt du nucléaire ou de l’évasion fiscale ou encore, de la levée de la propriété privée sur les vaccins à la fin du patriarcat, aucune de nos luttes n’est suffisante si elle se restreint aux frontières nationales.</p>



<p>💥Et parce que les luttes se font écho et se nourrissent les unes les autres, Philippe Poutou sera précédé par des militant·e·.s de solidaritéS mais aussi d’autres mouvements dont les luttes syndicales, féministes, climatiques, locatives sont en cours à Genève et en Suisse.</p>



<figure class="wp-block-embed is-type-video is-provider-youtube wp-block-embed-youtube wp-embed-aspect-16-9 wp-has-aspect-ratio"><div class="wp-block-embed__wrapper">
<iframe loading="lazy" title="MEETING avec Philippe Poutou [EN DIRECT]" width="500" height="281" src="https://www.youtube.com/embed/5i_P5p6DfgU?feature=oembed" frameborder="0" allow="accelerometer; autoplay; clipboard-write; encrypted-media; gyroscope; picture-in-picture; web-share" referrerpolicy="strict-origin-when-cross-origin" allowfullscreen></iframe>
</div></figure>

<!-- This site is optimized with the Yoast SEO plugin v27.4 - https://yoast.com/product/yoast-seo-wordpress/ -->
<title>Meeting avec Philippe Poutou - solidaritéS Genève</title>
<meta name="robots" content="index, follow, max-snippet:-1, max-image-preview:large, max-video-preview:-1" />
<link rel="canonical" href="https://solidarites.ch/geneve/video/meeting-avec-philippe-poutou/" />
<meta property="og:locale" content="fr_FR" />
<meta property="og:type" content="article" />
<meta property="og:title" content="Meeting avec Philippe Poutou - solidaritéS Genève" />
<meta property="og:description" content="➡️ Dans la perspective de la campagne pour les élections présidentielles qui se dérouleront en France l’année prochaine, nous vous invitons à participer à ce meeting avec Philippe Poutou, candidat NPA à la présidence, ancien ouvrier Ford actuellement au chômage! ✊🏻Ce meeting s’inscrit pour solidaritéS dans une perspective internationaliste de luttes contre le capitalisme et &hellip; Continued" />
<meta property="og:url" content="https://solidarites.ch/geneve/video/meeting-avec-philippe-poutou/" />
<meta property="og:site_name" content="solidaritéS Genève" />
<meta property="article:modified_time" content="2021-11-05T12:09:50+00:00" />
<meta name="twitter:card" content="summary_large_image" />
<meta name="twitter:label1" content="Durée de lecture estimée" />
	<meta name="twitter:data1" content="1 minute" />
<script type="application/ld+json" class="yoast-schema-graph">{"@context":"https:\/\/schema.org","@graph":[{"@type":"WebPage","@id":"https:\/\/solidarites.ch\/geneve\/video\/meeting-avec-philippe-poutou\/","url":"https:\/\/solidarites.ch\/geneve\/video\/meeting-avec-philippe-poutou\/","name":"Meeting avec Philippe Poutou - solidaritéS Genève","isPartOf":{"@id":"https:\/\/solidarites.ch\/geneve\/#website"},"primaryImageOfPage":{"@id":"https:\/\/solidarites.ch\/geneve\/video\/meeting-avec-philippe-poutou\/#primaryimage"},"image":{"@id":"https:\/\/solidarites.ch\/geneve\/video\/meeting-avec-philippe-poutou\/#primaryimage"},"thumbnailUrl":"https:\/\/solidarites.ch\/geneve\/wp-content\/uploads\/sites\/6\/2021\/11\/Affiche-Meeting-Poutou-4NOV-VF-pdf.jpg","datePublished":"2021-11-05T12:09:48+00:00","dateModified":"2021-11-05T12:09:50+00:00","breadcrumb":{"@id":"https:\/\/solidarites.ch\/geneve\/video\/meeting-avec-philippe-poutou\/#breadcrumb"},"inLanguage":"fr-FR","potentialAction":[{"@type":"ReadAction","target":["https:\/\/solidarites.ch\/geneve\/video\/meeting-avec-philippe-poutou\/"]}]},{"@type":"ImageObject","inLanguage":"fr-FR","@id":"https:\/\/solidarites.ch\/geneve\/video\/meeting-avec-philippe-poutou\/#primaryimage","url":"https:\/\/solidarites.ch\/geneve\/wp-content\/uploads\/sites\/6\/2021\/11\/Affiche-Meeting-Poutou-4NOV-VF-pdf.jpg","contentUrl":"https:\/\/solidarites.ch\/geneve\/wp-content\/uploads\/sites\/6\/2021\/11\/Affiche-Meeting-Poutou-4NOV-VF-pdf.jpg"},{"@type":"BreadcrumbList","@id":"https:\/\/solidarites.ch\/geneve\/video\/meeting-avec-philippe-poutou\/#breadcrumb","itemListElement":[{"@type":"ListItem","position":1,"name":"Accueil","item":"https:\/\/solidarites.ch\/geneve\/"},{"@type":"ListItem","position":2,"name":"Videos","item":"https:\/\/solidarites.ch\/geneve\/videos\/"},{"@type":"ListItem","position":3,"name":"Meeting avec Philippe Poutou"}]},{"@type":"WebSite","@id":"https:\/\/solidarites.ch\/geneve\/#website","url":"https:\/\/solidarites.ch\/geneve\/","name":"solidaritéS Genève","description":"Un mouvement &lt;br&gt;anticapitaliste, &lt;br&gt;féministe, &lt;br&gt;écosocialiste","potentialAction":[{"@type":"SearchAction","target":{"@type":"EntryPoint","urlTemplate":"https:\/\/solidarites.ch\/geneve\/?s={search_term_string}"},"query-input":{"@type":"PropertyValueSpecification","valueRequired":true,"valueName":"search_term_string"}}],"inLanguage":"fr-FR"}]}</script>
<!-- / Yoast SEO plugin. -->

Meeting avec Philippe Poutou - solidaritéS Genève

➡️ Dans la perspective de la campagne pour les élections présidentielles qui se dérouleront en France l’année prochaine, nous vous invitons à participer à ce meeting avec Philippe Poutou, candidat NPA à la présidence, ancien ouvrier Ford actuellement au chômage! ✊🏻Ce meeting s’inscrit pour solidaritéS dans une perspective internationaliste de luttes contre le capitalisme et &hellip; Continued

solidaritéS Genève

Un mouvement &lt;br&gt;anticapitaliste, &lt;br&gt;féministe, &lt;br&gt;écosocialiste
