{"version":"1.0","provider_name":"solidarit\u00e9S Vaud","provider_url":"https:\/\/solidarites.ch\/vaud","title":"POUR UNE GAUCHE UNITAIRE ET COMBATIVE &#8211; solidarit\u00e9S Vaud","type":"rich","width":600,"height":338,"html":"<blockquote class=\"wp-embedded-content\" data-secret=\"YH8RG0hf0Y\"><a href=\"https:\/\/solidarites.ch\/vaud\/2025\/04\/29\/pour-une-gauche-unitaire-et-combative\/\">POUR UNE GAUCHE UNITAIRE ET COMBATIVE<\/a><\/blockquote><iframe sandbox=\"allow-scripts\" security=\"restricted\" src=\"https:\/\/solidarites.ch\/vaud\/2025\/04\/29\/pour-une-gauche-unitaire-et-combative\/embed\/#?secret=YH8RG0hf0Y\" width=\"600\" height=\"338\" title=\"\u00ab\u00a0POUR UNE GAUCHE UNITAIRE ET COMBATIVE\u00a0\u00bb &#8212; solidarit\u00e9S Vaud\" data-secret=\"YH8RG0hf0Y\" frameborder=\"0\" marginwidth=\"0\" marginheight=\"0\" scrolling=\"no\" class=\"wp-embedded-content\"><\/iframe><script type=\"text\/javascript\">\n\/* <![CDATA[ *\/\n\/*! This file is auto-generated *\/\n!function(d,l){\"use strict\";l.querySelector&&d.addEventListener&&\"undefined\"!=typeof URL&&(d.wp=d.wp||{},d.wp.receiveEmbedMessage||(d.wp.receiveEmbedMessage=function(e){var t=e.data;if((t||t.secret||t.message||t.value)&&!\/[^a-zA-Z0-9]\/.test(t.secret)){for(var s,r,n,a=l.querySelectorAll('iframe[data-secret=\"'+t.secret+'\"]'),o=l.querySelectorAll('blockquote[data-secret=\"'+t.secret+'\"]'),c=new RegExp(\"^https?:$\",\"i\"),i=0;i<o.length;i++)o[i].style.display=\"none\";for(i=0;i<a.length;i++)s=a[i],e.source===s.contentWindow&&(s.removeAttribute(\"style\"),\"height\"===t.message?(1e3<(r=parseInt(t.value,10))?r=1e3:~~r<200&&(r=200),s.height=r):\"link\"===t.message&&(r=new URL(s.getAttribute(\"src\")),n=new URL(t.value),c.test(n.protocol))&&n.host===r.host&&l.activeElement===s&&(d.top.location.href=t.value))}},d.addEventListener(\"message\",d.wp.receiveEmbedMessage,!1),l.addEventListener(\"DOMContentLoaded\",function(){for(var e,t,s=l.querySelectorAll(\"iframe.wp-embedded-content\"),r=0;r<s.length;r++)(t=(e=s[r]).getAttribute(\"data-secret\"))||(t=Math.random().toString(36).substring(2,12),e.src+=\"#?secret=\"+t,e.setAttribute(\"data-secret\",t)),e.contentWindow.postMessage({message:\"ready\",secret:t},\"*\")},!1)))}(window,document);\n\/\/# sourceURL=https:\/\/solidarites.ch\/vaud\/wp-includes\/js\/wp-embed.min.js\n\/* ]]> *\/\n<\/script>\n","thumbnail_url":"https:\/\/solidarites.ch\/vaud\/wp-content\/uploads\/sites\/3\/2020\/06\/64362821_3111023668922209_8690001626280230912_o.jpg","thumbnail_width":2048,"thumbnail_height":1365,"description":"Appel pour une liste unitaire de la gauche combative aux \u00e9lections communales de 2026 Solidarit\u00e9S Vaud et les ind\u00e9pendant\u00b7exs d\u2019Ensemble \u00e0 Gauche Lausanne appellent toutes les organisations politiques \u00e0 la gauche des Vert\u00b7e\u00b7x\u00b7s et du PS \u00e0 faire vivre l\u2019alternative d\u2019une gauche combative en se pr\u00e9sentant ensemble aux communales 2026. Nous voulons construire une force &hellip; Continued"}

solidaritéS Vaud

POUR UNE GAUCHE UNITAIRE ET COMBATIVE &#8211; solidaritéS Vaud

<blockquote class="wp-embedded-content" data-secret="YH8RG0hf0Y"><a href="https://solidarites.ch/vaud/2025/04/29/pour-une-gauche-unitaire-et-combative/">POUR UNE GAUCHE UNITAIRE ET COMBATIVE</a></blockquote><iframe sandbox="allow-scripts" security="restricted" src="https://solidarites.ch/vaud/2025/04/29/pour-une-gauche-unitaire-et-combative/embed/#?secret=YH8RG0hf0Y" width="600" height="338" title="« POUR UNE GAUCHE UNITAIRE ET COMBATIVE » &#8212; solidaritéS Vaud" data-secret="YH8RG0hf0Y" frameborder="0" marginwidth="0" marginheight="0" scrolling="no" class="wp-embedded-content"></iframe><script type="text/javascript">
/* <![CDATA[ */
/*! This file is auto-generated */
!function(d,l){"use strict";l.querySelector&&d.addEventListener&&"undefined"!=typeof URL&&(d.wp=d.wp||{},d.wp.receiveEmbedMessage||(d.wp.receiveEmbedMessage=function(e){var t=e.data;if((t||t.secret||t.message||t.value)&&!/[^a-zA-Z0-9]/.test(t.secret)){for(var s,r,n,a=l.querySelectorAll('iframe[data-secret="'+t.secret+'"]'),o=l.querySelectorAll('blockquote[data-secret="'+t.secret+'"]'),c=new RegExp("^https?:$","i"),i=0;i<o.length;i++)o[i].style.display="none";for(i=0;i<a.length;i++)s=a[i],e.source===s.contentWindow&&(s.removeAttribute("style"),"height"===t.message?(1e3<(r=parseInt(t.value,10))?r=1e3:~~r<200&&(r=200),s.height=r):"link"===t.message&&(r=new URL(s.getAttribute("src")),n=new URL(t.value),c.test(n.protocol))&&n.host===r.host&&l.activeElement===s&&(d.top.location.href=t.value))}},d.addEventListener("message",d.wp.receiveEmbedMessage,!1),l.addEventListener("DOMContentLoaded",function(){for(var e,t,s=l.querySelectorAll("iframe.wp-embedded-content"),r=0;r<s.length;r++)(t=(e=s[r]).getAttribute("data-secret"))||(t=Math.random().toString(36).substring(2,12),e.src+="#?secret="+t,e.setAttribute("data-secret",t)),e.contentWindow.postMessage({message:"ready",secret:t},"*")},!1)))}(window,document);
//# sourceURL=https://solidarites.ch/vaud/wp-includes/js/wp-embed.min.js
/* ]]> */
</script>

Appel pour une liste unitaire de la gauche combative aux élections communales de 2026 SolidaritéS Vaud et les indépendant·exs d’Ensemble à Gauche Lausanne appellent toutes les organisations politiques à la gauche des Vert·e·x·s et du PS à faire vivre l’alternative d’une gauche combative en se présentant ensemble aux communales 2026. Nous voulons construire une force &hellip; Continued
